mainder when s is divided by 154?
16
Let f be 4/(-30) - 12*190/(-225). Let i = 55 - f. What is the remainder when 109 is divided by i?
19
Let s = -71 - -111. Suppose 39*h + 25 = s*h. Calculate the remainder when h is divided by 13.
12
Let w = 206 + -195. Let z(d) = -d**3 + 12*d**2 - 7*d + 2. What is the remainder when z(w) is divided by 33?
13
What is the remainder when 5*(-2101)/(-55) + 0 + 1 + 3 is divided by 29?
21
Let b(c) = 7*c**3 - 93*c**2 - 41*c + 69. Suppose -2*u + 29 = -39. Calculate the remainder when b(14) is divided by u.
33
Let v = -5015 - -5057. Calculate the remainder when 2096 is divided by v.
38
Suppose q - 292 - 382 = -2*l, -3*l - 2067 = -3*q. Calculate the remainder when q is divided by 30.
24
Let f(d) = 1. Let n(q) = -q**2 + 3*q + 34. Let v(m) = -5*f(m) - n(m). Let u be v(17). Suppose -44 = -3*h + u. Calculate the remainder when h is divided by 28.
25
Let o be 41/(-1)*(-17 - -14). Suppose 0 = -99*w + o*w - 2712. What is the remainder when w is divided by 29?
26
Let j(k) = 3*k - 7. Let w be 11*(6/(-2) - -4). Let d be j(w). Suppose 18 = -d*i + 35*i. Calculate the remainder when 8 is divided by i.
0
Let a(r) = -r. Let z be 6 + 4 - -4 - 1. Let m = -2 - z. What is the remainder when 44 is divided by a(m)?
14
Let k(d) = 4*d**2 - 369*d - 606. Calculate the remainder when k(94) is divided by 39.
13
Let o(y) = 344*y**2 - 179*y - 16. What is the remainder when o(-3) is divided by 27?
26
Let c(r) = 13*r + 4. Suppose 2*o = -2*p + 12, 0 = 2*p + 3*p + o - 18. Calculate the remainder when c(p) is divided by 42.
1
Let s be ((-152)/4)/(5 + (-138)/27). Suppose 27 = -7*a + s. What is the remainder when a is divided by 23?
22
Calculate the remainder when 312 is divided by (-59926)/(-747) - (3/1 - 100/36).
72
Let s be -4*(-1 + (-1 - -1)). Let w = 22 + s. Let a = -675 - -827. Calculate the remainder when a is divided by w.
22
Let h(c) = c**2 - 24*c - 300. Calculate the remainder when 297 is divided by h(-15).
12
Let q = 92 - 122. Let f be ((-20)/25)/((-4)/q). What is the remainder when 47 is divided by (-4)/((-7)/((-147)/f))?
5
Suppose 4*o - 2*z = 224, -45*o + 3*z - 291 = -50*o. What is the remainder when 87 is divided by o?
30
Let r(l) be the third derivative of 17*l**5/60 + 7*l**4/24 + 5*l**3/6 - 33*l**2. Let o be r(4). Let g = 446 - o. What is the remainder when g is divided by 16?
13
Suppose 12 = -218*m + 221*m. Suppose -90 = -3*j + j - 4*r, r - 173 = -m*j. Calculate the remainder when j is divided by 13.
4
Let m be (3 + (-6)/4)/((-6)/(-4)). Calculate the remainder when -1*((-486)/m + 7) is divided by 37.
35
Let n(s) = 54 - 45 - 41 - 16*s. Calculate the remainder when 30 is divided by n(-3).
14
Let l = 36 - -14. Suppose l + 74 = x. What is the remainder when x is divided by (23 - (-10)/1) + -1*2/2?
28
Calculate the remainder when 20 - (187/11 + -5831) is divided by 13.
10
Let f = -137 - -14. Let n = f - -186. What is the remainder when n is divided by 2 + (-238)/(-22) + -2*26/(-286)?
11
Let h = 9208 + -8538. Calculate the remainder when h is divided by 149.
74
Let n(b) = 4*b**2 + 32*b - 213. Calculate the remainder when n(9) is divided by 254.
145
Let s = -5 + 7. Suppose -s*i + 0 + 3 = -3*f, 5*f = -5. Suppose i = 4*l + 28 - 56. Calculate the remainder when 23 is divided by l.
2
Let o(p) = -p + 13. Let q be 18*40/112 + 8/14. Calculate the remainder when 21 is divided by o(q).
3
Let k(l) = 2*l**2 - 460*l - 1832. Calculate the remainder when 3353 is divided by k(-4).
33
Let f = -22161 + 22174. Calculate the remainder when 535 is divided by f.
2
Let h(r) = 2*r + 15. Let j(a) = -a**2 - 13*a - 2. Let n be j(-10). Suppose v - 5*v = -n. What is the remainder when h(v) is divided by 15?
14
Suppose -4*b - 14 = -2*r, 2*b = 4*r - 4 - 18. Suppose 187 = -45*u + 62*u. Calculate the remainder when b - 0 - (-52)/1 is divided by u.
7
Let l(i) = -i**3 - 2*i**2 - 2*i - 8. Let c be l(0). What is the remainder when (-204)/c - (-36)/(-24) is divided by 13?
11
Suppose -4*l + 4*h + 355 - 331 = 0, -l = 2*h - 9. What is the remainder when 31 is divided by l?
3
Suppose 0 = 3*j + 5*z - 275 - 16, 2*j - 194 = z. Suppose -u - 75 = -d, -5*u - 402 = -0*u + 4*d. Let t = j + u. Calculate the remainder when t is divided by 4.
3
Suppose 9*b = -14 - 4. Calculate the remainder when (b + 7)/((-1)/(-25)) is divided by 27.
17
Let j = -1 + 27. Suppose -u + j = 21. Suppose u*c = 3*n - 22, n + 5*c = 32 + 2. Calculate the remainder when 37 is divided by n.
9
Calculate the remainder when 362 is divided by (-440)/165*(-174)/8.
14
Suppose -a - 3*v + 409 = 360, -2*a - 3*v = -83. Calculate the remainder when 1496 is divided by a.
0
Suppose 0 = -4*q + 14 - 110. Let g = 48 + q. Calculate the remainder when 2/(3/(-366)*-4) is divided by g.
13
Suppose 47 - 20 = 9*l. Suppose 262 = 2*a - 2*h, 0 = 6*h - l*h. What is the remainder when a is divided by 34?
29
Suppose -209 = -204*l + 193*l. What is the remainder when 909 is divided by l?
16
Let t(c) = -c**3 - 3*c**2 + 9*c + 14. Let n = -19 - -23. Suppose n*w - h = -4*h + 203, 5*h - 197 = -4*w. What is the remainder when w is divided by t(-5)?
15
Suppose -5*v - 6478*f = -6477*f - 966, 4*f = 2*v - 404. What is the remainder when 13772 is divided by v?
192
Suppose f - 4*f - 5*y + 29 = 0, -5*f - y + 19 = 0. Suppose -2*a = 0, i - f - 9 = 4*a. Calculate the remainder when 20 is divided by i.
8
Suppose 222 = -2*d + 4*d. Suppose -276*o + 278*o - 5*w = 70, -30 = 5*w. What is the remainder when d is divided by o?
11
Suppose 342 = 5*w - 3*w. Suppose -5*a + 2*z + 168 = 0, -18*a + 19*a - z = 30. Calculate the remainder when w is divided by a.
27
Let x = 788 - 758. Calculate the remainder when 324*(5/(-20) + (-6)/(-8)) is divided by x.
12
Let g be (81/(18/2))/((-2)/(-58)). Suppose 2*y = 13 - 5, -3*m + 3*y - 483 = 0. Let x = g + m. Calculate the remainder when x is divided by 36.
32
Let v(u) = 4*u - 49. Let g be ((-93)/5)/((-10)/50). Suppose -5*q + 2 = -g. Calculate the remainder when 80 is divided by v(q).
26
Suppose 176 = p + 3*p. What is the remainder when p is divided by ((58/3)/(-1 + 44/33))/2?
15
Suppose -a = -3*f + 337, 0*f - 3*f + 347 = 4*a. Let c(j) = -69*j - 2239. What is the remainder when f is divided by c(-33)?
37
Suppose -69251 = 20*d - 72*d - 5187. What is the remainder when d is divided by 1228?
4
Calculate the remainder when 11086 is divided by 905752/16168 + 1/(-47).
54
Let f(u) = 3 - 11*u + 52*u**2 - 23*u**2 - 1 + 6 - 2. Calculate the remainder when f(1) is divided by 16.
8
Suppose 10*i - 92 = 118. Let o(w) = -5*w + 82. Calculate the remainder when i is divided by o(15).
0
Suppose -186*x - 18400 = -232*x. Calculate the remainder when x is divided by 338.
62
Suppose 11*q = 3*l - 7825, -16*q - 2627 = -l - 15*q. Calculate the remainder when l is divided by 132.
126
Suppose -2*f + 89 - 263 = -3*a, -65 = -a + 3*f. Calculate the remainder when 11758 is divided by a.
54
Suppose 8*v + 512 = 9*v - 3*h, 0 = 4*v - 2*h - 2078. Let j = -203 + v. Calculate the remainder when j is divided by 40.
38
Let q = 2096 + -760. Calculate the remainder when q is divided by 123.
106
Let c = 161 + -68. Suppose -91*j = -c*j + 58. Let y(v) = -v**3 + 3*v**2 + 3*v + 2. What is the remainder when j is divided by y(3)?
7
What is the remainder when 960 is divided by (-765)/(-306) + 210/4?
25
Suppose 5*d = 5*y + 25 + 15, -4*y = d - 43. Suppose 10 = 4*j + 2*m, 2*j + 2*m + 3*m = -7. What is the remainder when d is divided by j?
3
Let c = -25446 + 25449. Let t = -7 - -10. Let r = t - -6. Calculate the remainder when r is divided by c.
0
Let r be -2*(-2)/(12/9). Suppose -r*u + 1 + 2 = -3*w, 4*w = -5*u + 32. Let x = w + 13. Calculate the remainder when 63 is divided by x.
15
Suppose -4*l = -8, -3*g + l + 17 + 182 = 0. Suppose 79*b = g*b + 504. What is the remainder when 54 is divided by b?
12
Let n = 19529 - 19493. What is the remainder when 2266 is divided by n?
34
Let b(f) = -68*f + 163. Let i be 1/(-3) - 200/(-6). Let t = i - 18. What is the remainder when b(2) is divided by t?
12
Let c = -3864 + 3884. Calculate the remainder when 295 is divided by c.
15
Suppose -17 = -4*u - 73. Let j be ((-8)/u)/((-4)/(-42)). Suppose -j*c + 491 = 59. What is the remainder when c is divided by 25?
22
Let q(t) = -t**2 - 7*t - 5. Let z be q(-4). Let m = -460 - -517. Suppose c = -z + m. What is the 